ens digit of i?
8
Let a(l) = 9*l - 3. Let b(r) = r. Let s(w) = a(w) - 2*b(w). Let t be s(-3). What is the units digit of (2/(-4))/(2/t)?
6
Let p be 2/6 + (-208)/3. What is the tens digit of 1*-2*p/6?
2
Let a = 5 + -4. Let b(d) = 19*d + 1. What is the units digit of b(a)?
0
Suppose 0 = 3*i - 3*n - 6, 0 = 4*i - 3*i - 3*n - 2. Suppose 2*o - 8 = -i. Suppose 2 = 4*y - 2*p - 4, o*y - 8 = 5*p. What is the units digit of y?
1
Let p be 8/20 - (-23)/5. Suppose 3*o = p*o - 38. What is the tens digit of o?
1
Let u(f) = 3*f**2 + f + 1. Let m be u(-1). Suppose 1 = s - 3. Suppose 0 = -2*l - s, 14 = m*j + 3*l - l. What is the units digit of j?
6
Let a(x) = 4*x - 1. Let l be a(2). Let h = -6 + l. What is the units digit of h?
1
Let v(d) = d**3 + 3*d**2 - 5*d - 1. Let x(g) = -g**3 + 5*g**2 + 6*g - 4. Let u be x(6). What is the units digit of v(u)?
3
Suppose 0*o = 5*o - 50. What is the units digit of o/(-15) - (-40)/6?
6
Suppose 0 = -7*g + 261 + 572. What is the tens digit of g?
1
Let x = 91 + -18. What is the units digit of x?
3
Suppose 0 = 5*p - 3*p - 102. Let j = -32 + p. What is the tens digit of j?
1
Let x(o) = 77*o**3 - o**2 + 3*o - 1. Let n be x(1). Let r = -31 + n. What is the tens digit of r?
4
Let v(h) = -h**3 + 5*h**2 - 4. Let n be v(4). What is the units digit of n/(0 + 4) + 3?
6
Let a = 185 + -74. What is the tens digit of a?
1
Let i = 5 + 0. Suppose u - 5*n = -u - 3, -3*u + 8 = i*n. Let r = u + 3. What is the units digit of r?
4
Suppose 3*b = -5*g + 213, -g - b + 2*b = -49. Suppose -9*q + 20 = -5*q. Suppose 0 = q*k - 10*k + g. What is the units digit of k?
9
Suppose -4*j + 4*b + 436 = -0*b, 0 = j - 4*b - 121. What is the units digit of j?
5
Let t be 7/(-28) + 26/8. Suppose 49 + 26 = t*l. Let u = 39 - l. What is the tens digit of u?
1
Suppose 0 = -2*w + 127 + 155. What is the tens digit of w?
4
Let x = 20 - 9. Suppose x - 29 = -s. What is the tens digit of s?
1
Suppose 7 = 3*k - 5. Suppose 2*o = k*o + 14. Let t = o + 10. What is the units digit of t?
3
Let j be (-24)/(-9) + 4/(-6). Suppose 0 = u - 2*u + j. What is the units digit of u?
2
Let f = 9 - 5. What is the units digit of ((-14)/f)/((-12)/120)?
5
Let o = 5 + 12. What is the tens digit of o?
1
Suppose -18 = n - 46. What is the units digit of n?
8
Suppose 3*n + 2*k + 71 = 0, k + 2 = 1. Let u = n - -35. What is the units digit of u?
2
Let z(t) = t**3 - t**2 + 4*t - 7. What is the units digit of z(7)?
5
Suppose p + p = 306. What is the tens digit of p?
5
Let u be (-657)/(-21) - 8/28. Suppose -q + 3*d - 5 = -u, -5*q + 50 = 5*d. What is the units digit of q?
4
Let f(b) = b**2 + b - 1. Let d(n) = 2*n**2 + 14*n - 19. Let x(c) = -d(c) + 3*f(c). What is the units digit of x(11)?
6
Let q(f) = f**3 - 7*f**2 - 8*f + 2. Let d be q(8). Suppose j - d*u + 12 = 3*j, 14 = j - u. What is the units digit of 4/((j/4)/5)?
8
Let q be ((-217)/(-14))/(1/2). Suppose 2*s - q = 1. What is the tens digit of s?
1
Let l(q) = -q**2 + 9*q - 1. Let b(h) = h**2 - 9*h + 2. Let z(i) = 3*b(i) + 4*l(i). Let n be z(7). What is the units digit of n + (0 - 2) - -3?
7
Let l(x) be the first derivative of x**3/3 - 2*x - 2. Let u be l(4). Let q = 27 - u. What is the tens digit of q?
1
Let h be (-3 - -1)*(-55)/10. Let a = 21 - h. What is the tens digit of a?
1
Suppose 14 = 5*a - 16. Let z(u) = -u**3 + 7*u**2 - 5*u - 8. Let m be z(a). What is the units digit of (-9)/(-1) + 2 + m?
9
Let f(m) be the second derivative of m**4/12 + 4*m**2 + m. Let z be f(0). Suppose -j = -3*j + z. What is the units digit of j?
4
Suppose 4*w = -2*x + 6, 4*w = -3*x - 4 + 7. Suppose -4*b - 12 = -4*f, 5*b - 5*f = 2*b - 19. Let z = b + w. What is the units digit of z?
5
Suppose r + 16 = -3*r. Let y(t) = t**3 + 5*t**2 + 5*t + 6. Let w be y(r). Let j = -1 + w. What is the units digit of j?
1
Suppose -24 = -2*h + 22. What is the units digit of h?
3
Suppose -q = 2*j - 40, -3*j - q = -5*q - 49. What is the units digit of j?
9
Suppose 4 = 2*l - 0. Suppose -2*k = l*g - 4 - 16, -k + 4*g + 10 = 0. What is the units digit of k?
0
Let i = 140 + -15. Suppose 4*f - w = -0*w + 145, 4*f + 3*w = i. Suppose 5*z = 5*p + f, 2*z + p + 0*p = 20. What is the units digit of z?
9
Suppose 4*a - 3*a = 100. What is the tens digit of a?
0
Let t = 407 - 124. What is the tens digit of t?
8
Let s(c) = -c**3 + 3*c**2 + 4. Let z be s(3). Suppose 4*t + 4*x = -0*x + 40, -z*t = -4*x - 8. What is the units digit of (t/(-5))/(15/(-100))?
8
Suppose -6*j = -4*j - 82. What is the tens digit of j?
4
Let z(r) be the second derivative of -r**4/12 + r**3/6 + 2*r**2 + r. Let l be z(3). What is the units digit of (l - -5 - 0) + -2?
1
Let w(t) = t**3 - 11*t**2 + 11*t - 7. Let a be w(10). Suppose -a*r = 2 + 118. Let f = 63 + r. What is the tens digit of f?
2
Let o = -6 + 6. Suppose -4*p - 5 = -2*p - r, 3*r + 3 = o. What is the units digit of p/(-4)*8/2?
3
Suppose 6*q = 3*q + 2*t + 8, -t = 2*q - 10. Suppose 73 = q*v - 83. What is the tens digit of v?
3
Let w(s) be the first derivative of s**4/4 - s**3/3 + s**2 + 2*s + 1. What is the units digit of w(3)?
6
Suppose 105 = 3*w + 2*w. Let q = -13 + w. Suppose q + 6 = 2*f. What is the units digit of f?
7
Let s be ((-6)/10)/(3/(-435)). Suppose 3*h - s = 3*a, -5*h - 3*a + 4*a + 129 = 0. What is the tens digit of h?
2
Suppose -6*b + 2*i + 43 = -3*b, -2*i - 10 = 0. What is the tens digit of b?
1
Suppose 4*n + 0*n = -3*b + 770, 5*n = -b + 253. What is the units digit of b?
8
Suppose 2*f - 5*l + 3*l = 598, f - 3*l - 291 = 0. What is the hundreds digit of f?
3
Suppose -u - 7*k + 2*k - 9 = 0, 2*k = -3*u + 12. Suppose -4*x + 3*x = -u. What is the units digit of x?
6
Suppose c = 4*w - c - 124, c - 34 = -w. What is the units digit of (-2 - w/(-12))*33?
2
Let r(z) = z**2 - 5*z - 4. Let c be r(8). Suppose -3*m + 2*m = -c. What is the units digit of m?
0
Suppose -2*r + 1085 = 5*r. What is the units digit of r?
5
Let f(q) = -18*q - 9. What is the hundreds digit of f(-8)?
1
Suppose 0*c - c = -110. What is the hundreds digit of c?
1
Let u(n) = n + 2. Let i be (-16)/10 - 12/30. Let v = 2 + i. What is the units digit of u(v)?
2
Let z = 17 + -12. Suppose -z = -n - 1. Suppose -5 - n = -g. What is the units digit of g?
9
Let q = 77 + -22. What is the tens digit of q?
5
Let z = 13 - -11. What is the units digit of z?
4
Suppose n - 6*n = -1730. What is the units digit of n?
6
Suppose -2*q = -5*z - 73, 145 = -0*q + 5*q - 5*z. Suppose -v - 4*b = -15, 4*v - 3*b - 2*b = -q. What is the units digit of (-1 - -8) + 1 + v?
7
Let d = 217 + -150. What is the units digit of d?
7
Let z(q) = 5*q. Let a be z(1). Suppose a*n = 4*f + f - 15, 0 = 4*n + f - 13. What is the units digit of n?
2
Let x(p) = 6*p**3 - 3*p**2 + 2*p - 7. What is the hundreds digit of x(3)?
1
Let j(d) = -d**3 + 10*d**2 + 15*d - 15. Let v be j(10). Suppose 4*p - 85 = 2*p - 3*z, 3*p + 3*z - v = 0. What is the tens digit of p?
5
What is the hundreds digit of 5066/26 + -6*(-2)/78?
1
Suppose -u - 3*y + y + 221 = 0, 4*u = -3*y + 879. What is the hundreds digit of u?
2
Suppose -3*z + 223 = t, 71 = -0*z + z - 3*t. Let s = -32 + z. What is the units digit of s?
2
Let q(f) = 2*f + 4. Let i be q(0). Suppose i*a + 4*y - 97 = 3*y, 3*y + 117 = 5*a. What is the tens digit of a?
2
Let r = 7 - 8. Let a = r - -4. What is the units digit of a?
3
Let b(t) = -5*t - 5. What is the units digit of b(-5)?
0
Let c = 8 - 4. Suppose c*w - w = 36. What is the units digit of w/(-9)*(-9)/2?
6
Suppose -2*t = 0, -4*f - 3*t + 428 = -0*t. What is the tens digit of f?
0
Let c = -35 + 78. What is the units digit of c?
3
Let c(a) = a**3 + 3*a**2 + 2*a + 3. Let v be c(-2). Suppose 4 = -3*j - 5*k + 13, -j = 5*k - v. Suppose -j*q = -q - 26. What is the units digit of q?
3
Suppose 0*y + 54 = 4*y + l, -62 = -5*y - 4*l. What is the units digit of 6/(-21) - (-88)/y?
6
Let x = -46 + 59. What is the tens digit of x?
1
Let j be 46/10 - (-8)/20. Let n(o) = 3*o - 2. What is the tens digit of n(j)?
1
Let z(f) = -7*f + 1. Suppose -4*u + 6 = -u. Let v be (6/(-6))/(1/u). What is the tens digit of z(v)?
1
Let s be 1*(2 - 24) - 4. What is the units digit of 1*-3*s/2?
9
Let o = 3 + 6. What is the units digit of o?
9
Suppose 2 = 4*p + 10. Let r(b) = 3*b**2 - 2*b + 1. What is the units digit of r(p)?
7
Suppose 0 = -5*o - 5*t + 15, -t = -3*o - 3*t + 14. What is the units digit of o?
8
Let m(